*z - 111 = -10. What are the prime factors of j?
2, 3, 7
Suppose w = -2, -42 = -2*c + w - 452. List the prime factors of 1 - ((1 - -2) + c - -1).
7, 29
Suppose 157 = 4*q - 35. Let i be (q/(-40))/(2/(-5)). List the prime factors of i + (-2 + -1 - -39).
3, 13
Let q(o) = 365*o + 231. What are the prime factors of q(4)?
19, 89
Let h(g) = 9*g - 29. Let p be h(4). Let l(s) = s**3 - 6*s**2 + 11*s - 7. What are the prime factors of l(p)?
7, 17
Let t be (-2)/5 - (-36)/15. Suppose 5*s + 3 = -t. List the prime factors of s/3 - 238/(-21).
11
Suppose -37*j = -45*j + 32704. What are the prime factors of j?
2, 7, 73
Let z be 10*-2 - (-2 + 2). Let l = 3 - 2. List the prime factors of (36/z)/(l/(-15)).
3
List the prime factors of -2 + (5/1 - (-1962 - 8)).
1973
Let d be (5 - 5)*(2/3)/2. Suppose 0 = 2*j + 10 - d, 2*q - 5*j = 151. List the prime factors of q.
3, 7
Suppose -g = -5*o + 11342, -19*o + 18*o + 2*g = -2272. What are the prime factors of o?
2, 3, 7
What are the prime factors of 552/1*(9 + 0)/9?
2, 3, 23
Let j = -3 + 10. Let g = j - 16. Let u(k) = -k**2 - 12*k - 13. List the prime factors of u(g).
2, 7
Let i = -60 + 64. Suppose 0 = -3*o + 2*o + i*j + 153, -426 = -3*o + j. What are the prime factors of o?
3, 47
Suppose -s + 785 = 2*w, 26*s + 787 = 27*s + 3*w. What are the prime factors of s?
11, 71
Let l = 48 - 98. Let k = -10 - l. What are the prime factors of k?
2, 5
Let a(o) = 7*o**3 - o**2 - 3*o. Let s be a(3). Suppose 0*z - 3*z = -s. List the prime factors of z.
3, 19
Let y(i) = -i**3 + 8*i**2 - 8*i + 7. Let m be y(7). Suppose m = 2*a + 2*a - 136. What are the prime factors of a?
2, 17
Suppose -84 = -4*c + 10*c. Let z = c + 177. What are the prime factors of z?
163
Let m(z) = -z**3 - 5*z**2 + 3*z - 6. Let p(v) = v**2 + 7*v + 3. Let l be p(-5). List the prime factors of m(l).
71
Suppose -435 = -3*d + 3*u, -8*d = -7*d - 5*u - 133. List the prime factors of d.
2, 37
Let m be ((-364)/39)/(4/(-6)). Let u be (m/28)/(1/2). Suppose 4*s - 3*q = u, 5*q - 9 - 16 = 0. What are the prime factors of s?
2
Let r(g) = -416*g + 484*g - 14 + 2. List the prime factors of r(3).
2, 3
Suppose -3*d = 3*j - 4*d + 612, -5*d = -15. Let u = j + 318. What are the prime factors of u?
5, 23
Let m(r) = -2*r - 2. Let s be m(-2). Let u be (-6)/(-4)*s*20. What are the prime factors of (-2)/(-10) - (-1308)/u?
2, 11
Let w = -425 + 429. List the prime factors of w.
2
Let v(h) = 16*h**2 - h + 3. Let l be v(3). Let n = l - 49. What are the prime factors of n?
5, 19
Let q be (9 - 12)*2/6. What are the prime factors of ((-23)/(-7) - q)/((-1)/(-35))?
2, 3, 5
Let o(b) = -b**2 + 14*b + 20. Let y = 11 - 41. Let c = -16 - y. What are the prime factors of o(c)?
2, 5
Let q be (1/(-2))/((-3)/144). Suppose -65 = 9*n - 47. Let c = n + q. List the prime factors of c.
2, 11
Let u(b) = -b**3 - 6*b**2 + 2*b. Let y be u(-6). What are the prime factors of 1360/24*y/(-10)?
2, 17
Let l = 418 - 414. Let k(u) = -3*u - 2. Let c(o) = o + 1. Let z(h) = 5*c(h) + k(h). What are the prime factors of z(l)?
11
Suppose -o - 3 = 0, 4*i - i + o = 318. Let w = i + -73. Let a = w + -15. What are the prime factors of a?
19
Suppose 6*w - 431 = -41. List the prime factors of w.
5, 13
Let d = 25 + -10. Suppose -3*x + 0 + 36 = 3*p, d = 5*x. What are the prime factors of p?
3
Let m(w) = -2*w**3 + 3*w + 3. Let g be (-75)/27 - (-6)/(-27). What are the prime factors of m(g)?
2, 3
Let f(j) = 113*j**2 + 44*j - 5. What are the prime factors of f(-3)?
2, 5, 11
Let w be 5 + 8/12*-3. Suppose -m = w*m - 284. What are the prime factors of m?
71
Let z(h) = h + 3. Let p be z(6). Let c(j) = 8*j**2 + 6 - 2 + p*j + 2 + 0*j**3 + j**3. What are the prime factors of c(-6)?
2, 3
Let q = -21 + 25. Let d = 29 - q. List the prime factors of d.
5
Suppose 0 = -3*o - 42 - 12. What are the prime factors of (o/(-45))/((-2)/(-240))?
2, 3
Let g = 22 + -20. Suppose 22 = 4*h + g. Suppose -2*t - 128 = -h*c, 3*t = 3*c + 2*t - 76. What are the prime factors of c?
2, 3
Let f = -8 - -17. Suppose -f + 13 = 2*u. Suppose -2*s - u*s = -36. List the prime factors of s.
3
Let l = 428 - 94. What are the prime factors of l?
2, 167
Let f(m) = -m**3 - 4*m**2 + 2*m + 4. Let d be f(-3). Let i = -7 - d. Suppose 5*j = -i*o + 72, 2*o - 20 - 18 = -3*j. List the prime factors of o.
13
Let t(n) = 7*n**3 + 2*n**2 - 1. Let i be t(1). Let m be i/3 + 13/39. Suppose -4*s + 243 = m*l, 3*s - 4*l = -s + 264. List the prime factors of s.
3, 7
List the prime factors of 190*(-2)/40*-12.
2, 3, 19
Suppose 14*p - 261 - 2749 = 0. Suppose -5*a + p = -155. List the prime factors of a.
2, 37
Let o(p) be the second derivative of p**4/12 - 2*p**3 + p**2 - 2*p. Let r be o(12). Suppose 68 = 2*i + r*i. What are the prime factors of i?
17
Suppose 5*v - 7*v = -v. Suppose v = 3*t, -5*j - t - 507 = -1352. List the prime factors of j.
13
Suppose 0 = -z + v + 218, -4*z - v = -662 - 210. List the prime factors of z.
2, 109
Suppose -2*s = 3*s. Suppose -4*l - l + 5 = s. Suppose 3*a - 32 = l. List the prime factors of a.
11
Suppose 5*u = -5 + 20. Let k(f) = 3*f**3 - 4*f**2 + f - 2. Let g be k(u). What are the prime factors of g/10 - 9/15?
2
Let l = -100 + 666. List the prime factors of l.
2, 283
Let i be (-53)/(1 + (-6)/4). Suppose -4*z = -2*z - i. List the prime factors of z.
53
Suppose 0 = -0*a + 3*a - 5*z - 66, z - 88 = -4*a. Suppose a*i - 13*i = 1512. List the prime factors of i.
2, 3, 7
Let y be ((-29 + -3)/4)/(-1 + -1). Suppose 0 = 4*t, 2*t + 222 + 78 = y*o. List the prime factors of o.
3, 5
Let z = 244 - 151. List the prime factors of z.
3, 31
Let t be -1 + -1*(2 - -1) - -42. Let j = t + -33. List the prime factors of j.
5
Suppose 0 = 3*a - 4*a - 4. Let r be -2 + a/(-4) + 1. Suppose r*d + 3*d - 93 = 0. List the prime factors of d.
31
Suppose 0 = -k - 4*k - 700. Let b = -87 - k. List the prime factors of b.
53
Let c(b) = -b**3 + b**2 + 2*b - 1. Let w = -8 - -6. Let j be c(w). List the prime factors of 1/2*28/j.
2
Let q(c) = -c**2 - 8*c - 1. Let v be (-4)/(-14) - (-459)/(-63). Let z be q(v). Suppose -k + 16 = -z. What are the prime factors of k?
2, 11
Suppose -11*i - 160 = -3*i. List the prime factors of i*1/((-4)/8).
2, 5
Suppose -2*p = -r - 4*p + 2, 2*p = 0. Suppose -r*x + x = -529. Suppose -5*f - 189 + x = 0. List the prime factors of f.
2, 17
Let d(y) = 5*y + 8. Let x be d(-4). Let h = 12 + x. Suppose -3*w + 26 + 37 = h. What are the prime factors of w?
3, 7
Let u be 0/1 - (-32 + -7). Let i = u + 28. Suppose -3*m + i = -62. List the prime factors of m.
43
Let k be (5/((-15)/1341))/((-9)/(-6)). Let x = -99 - k. What are the prime factors of x?
199
Suppose x - 5*x = -12, x = -p + 9. Suppose -112 = -p*i + 2*i. List the prime factors of i.
2, 7
Suppose -2*a = -3*j + 774, j = -0*j - 5*a + 258. List the prime factors of j.
2, 3, 43
Let c be -5 - -58 - (1 - 4). Let h = c - 31. Suppose 0 = -5*m + 3*g + 60, 4*m + g = 6*m - h. List the prime factors of m.
3, 5
Suppose -5*c - 4*o = 52, -2*o = 2*c - 0*o + 20. Let u be -7*c/(-21)*-9. What are the prime factors of u/1 + (0 - 2)?
2, 17
Suppose -3*z - 42 = -l, -3*z - 2*l - 36 = -z. Let j = z + -4. Let g = j + 50. List the prime factors of g.
31
Suppose 0 = 2*w - 4*w + 2. What are the prime factors of w/4 + (-1554)/(-24)?
5, 13
Let h(b) = b + 10. Let w be h(-8). Suppose -c + 4*s = -16, w*s + 8 = -c - 2*s. Suppose -6*y = -c*y - 66. What are the prime factors of y?
3, 11
Let j = 399 - -502. List the prime factors of j.
17, 53
List the prime factors of (-385 + -4 + 3)*-1.
2, 193
List the prime factors of -1 + 4/(16/714)*2.
2, 89
Suppose -6*x = -5*x. Suppose 8*l - 4*l - 144 = x. List the prime factors of l.
2, 3
Let z = 1558 - -253. What are the prime factors of z?
1811
Let u = 1491 + -618. List the prime factors of u.
3, 97
Suppose 2*m + 65 = 301. Suppose -5*g - 2*f + m = 0, 0 = -3*f - 0*f - 3. List the prime factors of g.
2, 3
Let g(z) = -z**3 + 17*z**2 + 20*z - 30. Let d be g(18). Let o(x) = x**3 - 5*x**2 + 6*x - 1. List the prime factors of o(d).
71
Let g = 7666 + -3203. List the prime factors of g.
4463
Let k(v) = -v**2 - 9*v - 13. Let t be k(-8). What are the prime factors of (t + 2)*-1 - 1?
2
Suppose 0 = r + 5*m - 977, -2*r - 15*m + 20*m + 1879 = 0. What are the prime factors of r?
2, 7, 17
Suppose 4*w - z - 18 = 1, 1 = w - 4*z. Let f(b) = b**2 - b**2 - 2*b**2 + 15*